.
6
Let v(a) = a**2 - 272*a - 3697. Give v(-13).
8
Let p(k) = 615*k - 29514. What is p(48)?
6
Let o(q) = -6*q**2 + q - 59. Calculate o(-6).
-281
Let u(z) = 2*z**3 - 38*z**2 - 9*z + 21. What is u(19)?
-150
Let g(l) = -23*l**2 - 100*l. Calculate g(-4).
32
Let c(d) = -78*d + 11. What is c(2)?
-145
Let v(s) = s**3 + 120*s**2 + 785*s - 674. Give v(-113).
4
Let f(d) = -d**2 + 105*d - 942. What is f(10)?
8
Let l(k) = 19*k**2 - 458*k - 7240. Determine l(35).
5
Let k(w) = -2*w**2 - 38*w - 160. Calculate k(-7).
8
Let s(a) = -a**2 - 184*a - 2385. Give s(-14).
-5
Let j(u) = -2*u**2 - 139*u + 1167. Calculate j(8).
-73
Let m(c) = 22*c + 428. What is m(-20)?
-12
Let j(u) = -u**3 + 20*u**2 - 4. Give j(20).
-4
Let f(q) = q**3 + 44*q**2 - 105*q - 4274. Calculate f(-44).
346
Let k(g) = -2*g**3 + 25*g**2 - 57*g + 23. Calculate k(10).
-47
Let t(s) = s**2 - 7*s + 4. Give t(2).
-6
Let b(g) = -g**2 - 6*g + 36. Give b(-19).
-211
Let j(p) = -6*p**3 + 133*p**2 - 17*p + 1. Calculate j(22).
111
Let f(o) = -o**2 - 174*o + 11471. Give f(51).
-4
Let v(r) = -2*r**2 + 205*r + 7. What is v(0)?
7
Let g(y) = 2*y**3 - 84*y**2 + 427*y + 163. Determine g(36).
-17
Let u(z) = 106*z - 2160. Calculate u(20).
-40
Let n(y) = -40*y + 803. Calculate n(22).
-77
Let u(c) = 4*c**2 - 165*c + 21. Calculate u(41).
-20
Let d(u) = 91*u + 4730. Calculate d(-52).
-2
Let k(c) = -134*c - 2054. Determine k(-15).
-44
Let q(v) = -7*v + 389. Give q(24).
221
Let j(o) = -o**2 - 22*o + 16. Give j(7).
-187
Let b(n) = -2*n**3 + 542*n**2 + 23*n - 6232. Determine b(271).
1
Let r(z) = -2*z**2 + 7*z + 19. Calculate r(5).
4
Let g(x) = -x**3 + 5*x**2 + 112*x - 630. Give g(6).
6
Let p(z) = -z**3 - z**2 - 3*z + 108. Give p(0).
108
Let g(c) = -10*c**2 + 299*c + 328. Give g(31).
-13
Let b(c) = -155*c + 2882. Give b(19).
-63
Let b(f) = -50*f + 251. Give b(4).
51
Let n(u) = u**3 + 6*u**2 - u + 41. Give n(-7).
-1
Let d(u) = -u**3 + 22*u**2 - 35*u + 34. Give d(20).
134
Let o(w) = -7*w**2 + 79*w + 63. Determine o(12).
3
Let f(k) = 7*k**3 + 39*k**2 + 207*k + 980. Give f(-5).
45
Let z(l) = -l**3 - 9*l**2 + 41*l + 5. Determine z(-13).
148
Let w(s) = -13*s**3 - 17*s**2 - 22*s - 3. Determine w(-1).
15
Let p(s) = s**3 + 28*s**2 + 171*s - 100. Calculate p(-11).
76
Let d(x) = -x**2 - 614*x - 6009. Calculate d(-10).
31
Let k(o) = -o**3 - 34*o**2 - 212*o + 17. Determine k(-26).
121
Let q(v) = -6*v**2 + 4*v + 26. What is q(4)?
-54
Let l(i) = 1296*i**2 - 7772*i - 17. Determine l(6).
7
Let t(y) = -2*y**3 + 10*y**2 + 140*y + 62. Give t(-6).
14
Let l(t) = 11*t**2 + 42*t + 16. Determine l(-12).
1096
Let m(g) = 2*g**2 + 409*g + 18276. Give m(-66).
-6
Let l(a) = -a**3 - 173*a**2 - 6294*a - 250. Determine l(-121).
-8
Let c(d) = 3*d**2 - 43*d + 18. Determine c(13).
-34
Let m(i) = -24*i**2 - 214*i - 215. What is m(-1)?
-25
Let s(g) = 2*g**2 + 195*g - 1422. What is s(-104)?
-70
Let v(t) = 808*t - 51719. Give v(64).
-7
Let s(u) = -11*u**2 - u - 15. Give s(-3).
-111
Let g(o) = 3*o**2 - 37*o - 44. Give g(12).
-56
Let b(q) = 57*q + 5134. What is b(-91)?
-53
Let t(u) = -8*u**2 - 132*u - 497. Give t(-11).
-13
Let w(r) = -5*r**3 - r**2 - 4*r + 12. Calculate w(3).
-144
Let m(p) = p**3 - 21*p**2 - 75*p + 45. Give m(24).
-27
Let g(j) = -29*j + 400. Determine g(14).
-6
Let r(k) = 3*k**2 - 34*k + 32. What is r(10)?
-8
Let k(o) = 342*o + 2397. What is k(-7)?
3
Let w(i) = -5*i**3 + 13*i**2 + 84*i + 72. Calculate w(-1).
6
Let p(i) = 5*i**2 - 66*i + 342. Give p(6).
126
Let s(k) = -3*k**3 - 510*k**2 - 8*k - 1456. What is s(-170)?
-96
Let l(a) = -58*a - 1542. Give l(-32).
314
Let t(h) = 141*h - 104. Calculate t(2).
178
Let l(k) = -21*k + 147. Determine l(2).
105
Let t(l) = l**2 - 65*l + 454. What is t(8)?
-2
Let z(s) = -s**3 + 61*s**2 - 75*s + 922. Determine z(60).
22
Let z(r) = -r**3 + 2*r**2 + 12*r + 25. What is z(5)?
10
Let y(b) = 2*b**3 + 8*b**2 - 3*b - 31. Determine y(-5).
-66
Let n(v) = v**2 + 20*v - 240. Determine n(-33).
189
Let k(t) = -t**3 - 10*t**2 - 21*t - 888. What is k(-13)?
-108
Let c(s) = 24*s**2 + 65*s - 138. Determine c(-4).
-14
Let w(g) = g**3 + 189*g**2 + 3233*g + 417. Give w(-170).
-93
Let d(p) = p**2 - 562*p - 3988. Calculate d(-7).
-5
Let s(k) = -2*k**3 + 40*k**2 - 18*k + 36. Determine s(19).
416
Let o(w) = 131*w + 565. What is o(-3)?
172
Let g(r) = 143*r**2 - 6*r + 6. What is g(1)?
143
Let y(a) = -a**2 + 42. Give y(-12).
-102
Let y(w) = w**3 - 18*w**2 + 21*w - 94. What is y(17)?
-26
Let q(p) = 6*p**2 + 209*p + 1387. What is q(-26)?
9
Let z(q) = q**3 - 153*q**2 + 302*q + 4. Give z(151).
4
Let u(z) = -25*z + 553. Give u(0).
553
Let o(p) = -102*p**2 + 24*p + 18. Calculate o(-1).
-108
Let w(p) = -p**3 - 13*p**2 - 6*p - 36. What is w(-13)?
42
Let x(a) = 4*a**2 + 87*a - 245. What is x(3)?
52
Let n(u) = u**3 + 2*u**2 - 45*u - 2. Determine n(5).
-52
Let i(z) = 8*z**2 - 80*z - 6. Give i(11).
82
Let h(l) = l**2 + 1780*l + 24739. Determine h(-14).
15
Let y(v) = 12*v**3 - 155*v**2 - 12*v - 5. Determine y(13).
8
Let q(l) = 284*l - 1659. Calculate q(6).
45
Let y(d) = 40*d**2 - 51*d + 3. What is y(1)?
-8
Let d(a) = a**2 + 42*a + 417. Calculate d(-16).
1
Let l(s) = -14*s**2 + 55*s + 23. Give l(4).
19
Let d(s) = 49*s - 436. Determine d(9).
5
Let k(u) = -3*u**3 + 113*u**2 + 29*u + 58. Determine k(38).
-284
Let v(m) = -27*m - 11. Calculate v(-8).
205
Let l(f) = -13*f + 621. Determine l(52).
-55
Let l(u) = u**3 - 27*u**2 + 49*u - 26. Give l(25).
-51
Let s(j) = -3*j**3 + 19*j**2 - 17. Give s(7).
-115
Let j(x) = -x**3 - 94*x**2 - 4*x - 386. Give j(-94).
-10
Let q(f) = -3*f**2 + 17*f + 63. Calculate q(-6).
-147
Let p(z) = z**2 + 14*z - 236. Determine p(15).
199
Let f(g) = 63*g - 1205. Determine f(19).
-8
Let h(z) = -41*z + 1125. Give h(32).
-187
Let s(y) = 3*y**2 + 14182*y - 28370. What is s(2)?
6
Let k(t) = 95*t + 109. Calculate k(-2).
-81
Let j(s) = s**3 + 17*s**2 + 45*s - 86. Calculate j(-13).
5
Let q(n) = 1020*n - 10206. What is q(10)?
-6
Let a(i) = -i**3 + 12*i**2 - 574*i + 6871. Calculate a(12).
-17
Let y(c) = c**3 + 2*c**2 - 34*c + 11. Calculate y(0).
11
Let o(h) = h**3 - 11*h**2 + 21*h - 109. What is o(10)?
1
Let t(h) = -2*h**3 - 3*h**2 + 287*h - 862. Give t(3).
-82
Let t(y) = 1713*y + 15264. Give t(-9).
-153
Let r(m) = 108*m - 2154. What is r(20)?
6
Let l(b) = -2*b**3 - 2*b**2 + 50*b + 31. What is l(-5)?
-19
Let m(p) = 312*p - 5. Calculate m(1).
307
Let a(n) = 2*n**2 - 48*n - 50. What is a(25)?
0
Let u(y) = 2*y**3 - 432*y**2 + 4*y - 863. Determine u(216).
1
Let f(g) = 7*g**2 - 100*g - 28. What is f(15)?
47
Let d(l) = 154*l + 235. Give d(-3).
-227
Let t(b) = b**3 + 6*b**2 - 43*b - 130. What is t(-9)?
14
Let v(s) = 2*s**2 - 15*s + 55. Give v(9).
82
Let s(h) = -10*h**3 + 4*h**2 + 19*h - 4. Give s(-2).
54
Let r(x) = 356*x + 85445. Determine r(-240).
5
Let f(z) = 194*z - 37. Give f(2).
351
Let g(f) = 22*f**3 + 5*f**2 + 6*f + 4. What is g(-1)?
-19
Let r(o) = o**3 - 129*o**2 + 1408*o - 471. Determine r(117).
-3
Let o(q) = -4*q**3 + 9*q**2 - 269*q + 830. What is o(3)?
-4
Let l(y) = 18*y**3 + 273*y**2 + 38*y + 11. Determine l(-15).
116
Let r(y) = 106*y + 2338. What is r(-22)?
6
Let g(m) = m**3 - 40*m**2 + 13*m + 586. What is g(39)?
-428
Let v(f) = 2*f**2 + 837*f - 3375. Determine v(4).
5
Let y(k) = k**3 - 3*k**2 - 62*k - 13. Calculate y(10).
67
Let b(d) = -7*d**3 - 42*d**2 - 137*d - 833. Give b(-6).
-11
Let m(u) = -u**3 + 2*u**2 + 18*u - 43. Determine m(5).
-28
Let u(v) = 5*v**2 - 10*v - 55. Calculate u(-5).
120
Let f(c) = c**3 - 26*c**2 - 406*c - 84. Give f(37).
-47
Let y(g) = 2*g**3 + 37*g**2 + 120*g - 96. Calculate y(-14).
-12
Let x(u) = u**2 + 182*u - 17345. Determine x(-251).
-26
Let q(b) = -b**2 - 55*b + 420. Determine q(7).
-14
Let s(t) = -87*t - 1398. Give s(-16).
-6
Let b(y) = -2*y**3 + 155*y**2 - 515*y - 217. What is b(74)?
5
Let s(t) = -67*t**2 - 3*t - 2. Calculate s(-1).
-66
Let n(g) = 34*g**2 + 188*g + 17. What is n(-5)?
-73
Let l(y) = 321*y - 22471. Calculate l(70).
-1
Let c(t) = -t**3 + 34*t**2 + 280*t - 7499. What is c(36)?
-11
Let b(p) = p**3 - 3*p**2 + 191*p - 769. Determine b(4).
11
Let t(v) = -v**3 + 292*v**2 - 1436*v + 285. Calculate t(287).
-2
Let p(f) = -f**2 - 150*f - 1241. Calculate p(-9).
28
Let k(d) = -21*d + 175. Calculate k(13).
-98
Let p(y) = y**3 + 8*y**2 + 30*y + 351. Give p(-9).
0
Let s(b) = -2*b**3 + 19*b**2 + 5*b - 53. Calcu